5). What is the units digit of ((-8)/3)/(2/j)?
8
Suppose 0*j - 5*j + 290 = 0. What is the units digit of j?
8
Let h be ((-17)/(-2))/((-1)/2). Let p = h - -25. Let k = 17 - p. What is the units digit of k?
9
Let f = 29 - 16. Let t be (1/(-2))/((-1)/(-14)). Let n = f + t. What is the units digit of n?
6
Let q(y) be the second derivative of y**4/12 - 5*y**3/6 + 5*y**2/2 - 5*y. Suppose -4*c = -2*g + 28, -3*g = -2*g + 4*c + 10. What is the tens digit of q(g)?
1
Let k(o) = -o**3 - 10*o**2 - o - 8. What is the units digit of k(-10)?
2
Let i(k) = k**3 + k**2 + k + 1. Suppose -15 = -5*u - 0*u. Let q(s) = 12*s**3 + 3*s**2 + 3*s + 2. Let l(d) = u*i(d) - q(d). What is the units digit of l(-1)?
0
Suppose 0 = 4*y - l - 20 + 3, -3*y = 4*l - 27. Suppose -17 = -3*f - y*b + 13, 4*f + 5*b - 45 = 0. What is the tens digit of f?
1
Let p(n) = -n**3 - 6*n**2 - 2*n - 8. Let y be p(-6). Suppose y*t = 2*t + 42. Suppose 3*v + 4*f = t, -2*v - 3*f = 7 - 20. What is the units digit of v?
1
Let f be (35 - 2)*2/(-3). Let s = 49 + f. What is the tens digit of s?
2
Suppose -4*f + 19 = 3. Suppose 0 = -f*m + 54 - 2. What is the units digit of m?
3
Let w(q) = -q + 18. Let i be ((-3)/6)/((-1)/24). Let b be w(i). Let y = b + -5. What is the units digit of y?
1
Suppose -4*t = 2*z + 82, 2*z + 0 = -2*t - 42. Let m be 5/((-15)/96) - 0. What is the units digit of m/(-5) + 8/t?
6
Let t(r) = 3*r**2 + 8*r + 10. Let y = -22 + 18. What is the tens digit of t(y)?
2
Suppose v = -3*v + 112. What is the tens digit of v?
2
Let u(b) = -4*b - 5. Let a be u(-5). Suppose -3*v - y = -3, 5*v - v = 5*y - a. Suppose v*z + 2*z - 20 = 0. What is the units digit of z?
0
Suppose 0 = -3*a + 3 + 3. Suppose i - 40 = -i - a*o, -4*o + 29 = i. What is the tens digit of i?
1
Suppose -4 = 2*j + 4*y - 14, 4*j + 2*y = 14. Suppose -8 = 2*o - j*o. What is the units digit of o?
8
Let d = 17 + 77. What is the tens digit of d?
9
Suppose 0 = -5*o + 53 - 8. Let u = o + 6. What is the tens digit of u?
1
Let s = 40 - -6. Let k = 4 + 1. Suppose k*w - s = -1. What is the units digit of w?
9
What is the tens digit of 218 + (-1 + -7 - -3)?
1
What is the units digit of 50/(-10)*1/(-1)?
5
Let m(i) = i - 2. Let x be m(6). Suppose -q - x = -4*w, -5*w - 2*q = 3*q + 20. Suppose 3*n + 3*p - 12 = w, 8 + 4 = 3*n - 3*p. What is the units digit of n?
4
Suppose 4*t - 2*t - 72 = 0. Let i = -21 + t. What is the tens digit of i?
1
Suppose -3*o - 6*c + 630 = -3*c, 0 = -o + c + 210. What is the tens digit of o?
1
Suppose 2 = 3*s - 22. Suppose -44 = -4*v - s. What is the units digit of v?
9
Let y = 11 - 6. Let k = 7 - y. What is the units digit of k?
2
What is the units digit of 0 + (1 - (1 - 3))?
3
Suppose 0 = 7*p + 2*p - 1422. What is the hundreds digit of p?
1
Suppose -3*l + 4*p - 13 + 1 = 0, 3 = -5*l + p. Suppose l = -g + 2*q + 10, -q = -0*g + 3*g - 16. Let f(k) = k**3 - 5*k**2 - 5*k. What is the units digit of f(g)?
6
What is the units digit of (-9)/(6 - 3) - -51?
8
Suppose -a - 3*a + 8 = 0. Suppose -a*z = -4*z + 32. What is the units digit of z?
6
Suppose -2*l = -l - 5*c + 61, -c = 3*l + 135. Let r = -27 - l. What is the tens digit of r?
1
Let f(a) = -4*a**2 + 0*a**2 + 2*a**3 + 1 - 4*a**3 - 2*a. What is the units digit of f(-2)?
5
Suppose 2*x - 3 = -7. Let r = x + 2. Let s = r - -7. What is the units digit of s?
7
Suppose 5*b = -10 - 5. Let d be 0 - (b + -1) - 2. Suppose d*u = -c + 8, 2*u + 68 = 5*c - 2*u. What is the tens digit of c?
1
Let i(w) = -w**3 + 8*w**2 + 10*w - 6. Let m be i(9). Let a = -9 + m. Let u = a + 9. What is the units digit of u?
3
Let r(o) = -o**3 + o**2 + 2*o - 5. Let l be r(-4). Let a = l + -36. What is the tens digit of a?
3
Suppose k - f = 302, 2*k + 2*f - 604 = -0*k. What is the hundreds digit of k?
3
Suppose 10*g - 5*g = -4*t + 25, 0 = -3*g - 3*t + 15. Suppose 0*p = -g*p. Suppose -2*y = p, 3 = -k + 4*k - y. What is the units digit of k?
1
Let g(j) = j**3 - 11*j**2 - 7*j + 5. What is the tens digit of g(12)?
6
Let p(r) = -r + 7. Let a be p(4). Suppose 5*h = a*h + 28. What is the tens digit of h?
1
Suppose 0*l + l - 11 = -5*c, 0 = -5*l + 5. Let h = -2 - -5. Suppose -y = -c*y + h. What is the units digit of y?
3
Suppose 0*j = -o - 2*j, o = -4*j - 4. Suppose 7*a + 2 = 4*d + 2*a, 8 = o*d - 2*a. What is the units digit of d?
3
Let i be 3/(-6)*(-10)/(-1). Suppose -1 = -q - 10. Let y = i - q. What is the units digit of y?
4
Let a(u) = -u**2 - 6*u + 3. Let f be -1 + (-1 + 5)*-1. Let b be a(f). Suppose -3*g + b = -2*g. What is the units digit of g?
8
Suppose 4*w - 1 - 12 = -5*p, -4*w - p + 9 = 0. Suppose -3*a = z, 4*z = -5*a + a. Suppose -w*f + 0*f + 4 = a. What is the units digit of f?
2
What is the units digit of -2 + 4 + 4 + -1?
5
Let v(d) = -5 + 32*d + 3*d**2 - 30*d - d**2. What is the tens digit of v(3)?
1
Let k = -8 + 12. Let o be 25/(-9) + k/(-18). Let d = 16 + o. What is the tens digit of d?
1
Let m(u) = 8*u**2 - 5*u + 1. Let o(a) = -7*a**2 + 4*a - 1. Let s(b) = -3*m(b) - 4*o(b). What is the units digit of s(1)?
4
Let a = -23 + 38. Let s(w) = w**3 + 5*w**2 - 6*w + 2. Let r be s(-6). Suppose -r*l = 3*l - a. What is the units digit of l?
3
Let s be ((-15)/6 - -2)*-6. Suppose 4*w = 125 + 51. Suppose -s*u = u - w. What is the tens digit of u?
1
Suppose -2*y = -z - 18, -4*y - 47 = 4*z - 7*y. Let o = z + 14. Suppose -o*b + 2*b = -52. What is the tens digit of b?
1
Let m be 2 + 5/(0 - 1). Let f be -1 - 0/(9/m). What is the tens digit of 11 - (2*f - -3)?
1
Let v = 19 + -13. What is the units digit of v?
6
Let g be 45/12 + 1/4. Suppose u + d - 2*d - 5 = 0, -4*u - 4*d = -g. What is the units digit of u?
3
Suppose -r - 2 = -3. Suppose 5 = -0*t + t. Suppose -5*o = -y + 2, 0 = -2*y + o + t - r. What is the units digit of y?
2
Let r be 4/6 - 20/(-6). Let j(u) = 9*u - 2 + 3*u**2 - u**3 + 9 - 2 - 6*u. What is the units digit of j(r)?
1
Suppose 0*q - 5*q = 0. Suppose q = a - 9. What is the units digit of a?
9
Suppose -3*m - 23 + 191 = 0. What is the tens digit of m?
5
Let w = 1 + -1. Suppose w = 5*f + 2*g - 18, 4*f - 11 = f - g. Suppose l - 2*l = -f. What is the units digit of l?
4
Suppose 4*o = 2*f - 198, -o - 535 = -5*f + o. What is the units digit of f?
9
Suppose -3*t = 2*t + 270. What is the tens digit of (-6)/t + (-618)/(-27)?
2
Let q = 7 + 21. What is the units digit of q?
8
Let q be 4/(-6) - 212/(-12). Let t = q - 8. What is the units digit of t/(1/(4/3))?
2
Let f be ((-6)/3)/((-3)/102). Let u = f + -46. What is the tens digit of u?
2
Let i(f) = -164*f. Let d be i(-2). Suppose 132 = x + 4*u, 3*u + d = 3*x - 2*u. Suppose -16 + x = 5*k. What is the units digit of k?
0
Suppose 3*k = y - 105, -2*k - 4*y = -y + 81. What is the tens digit of 16/(-6)*k/8?
1
Suppose 4*k - 22 = -6. Suppose -k*s + 38 = 10. Suppose -4*o = -s - 1. What is the units digit of o?
2
Let m(d) = 3*d - 1 - 1 + 2. What is the units digit of m(3)?
9
Let l = -72 - -133. What is the units digit of l?
1
Suppose -4*j = 11 - 43. What is the units digit of j?
8
Suppose -31 = 2*j + 17. What is the tens digit of (j/(-16))/((-6)/(-172))?
4
Let k(z) = 3*z**3 - 2*z**3 - 13*z - 6 + 7*z**2 + z. Let r be k(-8). Suppose -4*f + r = -6. What is the units digit of f?
8
Let f be (-9)/(-3) - (-4 + 14). Let l = f + 10. What is the units digit of 10/(l/(-2) + 2)?
0
Let u(f) = f**3 - 6*f**2 + 5*f - 5. Let y be u(5). Let w be 6/y*10/3. What is the tens digit of 50/4 + w/(-8)?
1
Suppose 2*z + 3*t - 11 = 0, -3*z + 5*t = 2*t - 39. Suppose q + 3*m = 3, 4*q - 3 = 3*q + 3*m. Let s = z - q. What is the units digit of s?
7
Suppose -15 = -2*j + j. Let u = j + -11. What is the units digit of u?
4
Suppose -4*c = -214 - 46. What is the tens digit of c?
6
Suppose o = 1 - 0. Suppose -o = -v + 1. Suppose 3*h - v*q = 1, -h + 2 + 2 = 3*q. What is the units digit of h?
1
Suppose -2*r + 52 = 3*i, 0 = -4*i - 2*r + 13 + 57. What is the tens digit of i?
1
What is the units digit of 4 - 33/6 - 123/(-2)?
0
Let w = 140 - 68. What is the units digit of w?
2
Let c = 100 - 29. What is the units digit of c?
1
Let c be (-32)/(-3)*(-15)/(-10). Suppose c = -5*d + 1. Let x = d + 14. What is the units digit of x?
1
Let q be ((-8)/(-2))/(2/(-3)). Let s(m) = -m - 4. What is the units digit of s(q)?
2
Let v(w) = -38*w**2 + w. Let p be v(-1). Let k = p - -56. What is the units digit of k?
7
Let u = 133 + -38. What is the 